 255.
15
What is the highest common divisor of 10411544 and 279136?
1144
What is the highest common factor of 40 and 418566544?
8
Calculate the highest common factor of 12966 and 205014.
6
What is the greatest common factor of 722997 and 85129?
1199
Calculate the highest common factor of 1109169 and 18072.
2259
Calculate the greatest common divisor of 752476 and 2356.
76
What is the highest common divisor of 451 and 5396116?
11
What is the greatest common divisor of 2288 and 69683120?
208
What is the greatest common divisor of 737518 and 48438?
46
Calculate the highest common factor of 34362 and 32979884.
3818
What is the highest common factor of 53560 and 624520?
520
Calculate the greatest common divisor of 110380192 and 3536.
208
Calculate the highest common factor of 902 and 112916430.
22
Calculate the highest common divisor of 3230 and 17010880.
170
Calculate the highest common divisor of 1063473 and 4922.
107
What is the greatest common divisor of 189449072 and 16?
16
Calculate the greatest common factor of 1361355 and 2940.
15
What is the highest common divisor of 1922870 and 40?
10
Calculate the highest common divisor of 882 and 123207.
21
What is the greatest common divisor of 136360 and 218120?
280
What is the highest common factor of 60 and 691547004?
12
What is the highest common factor of 171 and 818159247?
171
Calculate the highest common factor of 42 and 243764934.
42
What is the greatest common divisor of 3535811040 and 192?
96
Calculate the highest common divisor of 35275744 and 1120.
224
Calculate the greatest common divisor of 2152178 and 1162.
14
Calculate the highest common divisor of 96091906 and 957.
29
Calculate the greatest common divisor of 101 and 34159513.
101
Calculate the highest common factor of 12635191 and 25.
1
Calculate the greatest common divisor of 320 and 37248384.
64
Calculate the greatest common divisor of 6444 and 31599944.
716
Calculate the greatest common divisor of 7440 and 517721328.
1488
Calculate the highest common divisor of 132068 and 123026.
274
Calculate the highest common divisor of 26125 and 11746750.
2375
What is the highest common factor of 2379164 and 27492?
316
Calculate the greatest common factor of 48 and 498707.
1
Calculate the greatest common divisor of 530631 and 567.
81
What is the greatest common divisor of 179586 and 9240?
66
Calculate the greatest common divisor of 65084 and 4823584.
1228
Calculate the highest common divisor of 99408177 and 359.
359
Calculate the highest common divisor of 200 and 25238900.
100
Calculate the greatest common divisor of 1986830 and 9120.
190
Calculate the highest common divisor of 48581 and 41.
1
Calculate the greatest common factor of 1993205 and 4336.
271
Calculate the greatest common divisor of 240824 and 14376.
8
What is the highest common divisor of 1955 and 1963855?
115
What is the highest common factor of 1353753 and 8047?
619
What is the greatest common factor of 16008080 and 5720?
440
Calculate the greatest common factor of 886275 and 25149.
303
What is the highest common factor of 11143 and 3745061?
1013
What is the greatest common factor of 43230567 and 1311?
57
Calculate the greatest common divisor of 9771846 and 4662.
42
What is the greatest common divisor of 57750 and 1267200?
1650
Calculate the highest common divisor of 328 and 3593363.
41
What is the greatest common divisor of 24024 and 10977824?
1144
What is the highest common factor of 200780268 and 6188?
884
Calculate the greatest common factor of 132 and 22848452.
44
What is the highest common divisor of 4131720 and 432?
72
Calculate the greatest common factor of 144 and 28573632.
144
Calculate the highest common factor of 6991032 and 48.
24
Calculate the highest common factor of 85722 and 279146.
2198
What is the highest common divisor of 2225079 and 4923?
9
Calculate the greatest common factor of 326656710 and 900.
90
Calculate the highest common divisor of 1432 and 27020408.
1432
What is the highest common factor of 7499 and 837330841?
7499
Calculate the greatest common divisor of 25715707 and 3544.
443
Calculate the highest common divisor of 10892 and 558536314.
5446
Calculate the highest common divisor of 14 and 107495360.
14
What is the highest common divisor of 2080 and 107070340?
260
Calculate the greatest common divisor of 7913568 and 128.
32
Calculate the greatest common factor of 16809 and 1986.
3
What is the highest common divisor of 185312 and 1760?
32
What is the greatest common factor of 339737693 and 292?
73
What is the highest common factor of 904834 and 666106?
686
Calculate the greatest common divisor of 92218168 and 232.
8
Calculate the greatest common divisor of 21 and 430848852.
21
Calculate the highest common divisor of 12939 and 31326.
681
What is the greatest common divisor of 2128824 and 3384?
72
Calculate the highest common divisor of 6 and 2642847.
3
What is the highest common divisor of 13064 and 4175788?
92
Calculate the greatest common factor of 22105655 and 195.
65
Calculate the greatest common divisor of 682 and 34623001.
31
Calculate the greatest common divisor of 4150205 and 85.
5
Calculate the highest common factor of 1158 and 3093690.
6
Calculate the greatest common factor of 369952 and 13767049.
1051
Calculate the highest common factor of 446587526 and 8470.
1694
Calculate the greatest common divisor of 224 and 1605968.
112
What is the greatest common divisor of 39724070 and 10860?
1810
Calculate the greatest common factor of 595402 and 18084.
274
What is the greatest common divisor of 68232297 and 2841?
2841
What is the greatest common factor of 6298113 and 314571?
6693
What is the greatest common factor of 13520 and 3537760?
80
Calculate the highest common divisor of 999999 and 5099094.
9009
Calculate the greatest common divisor of 1149994 and 7961.
19
What is the greatest common factor of 92 and 696721244?
92
Calculate the greatest common factor of 3511 and 43259.
1
What is the highest common divisor of 2288 and 234448?
16
Calculate the highest common factor of 3102 and 2474362.
1034
Calculate the greatest common factor of 45058 and 50674.
26
What is the highest common divisor of 145 and 9901715?
5
Calculate the greatest common factor of 160327893 and 237.
237
Calculate the highest common factor of 3023482 and 46893.
2233
What is the highest common factor of 19853063 and 74007?
2741
Calculate the greatest common factor of 22002 and 42.
6
What is the greatest common factor of 4850528 and 7584?
32
Calculate the highest common divisor of 436988 and 18629166.
2042
What is the greatest common divisor of 76409 and 3441209?
701
Calculate the greatest common factor of 6206 and 272513.
29
What is the highest common factor of 3337 and 459161189?
3337
Calculate the highest common divisor of 87013806 and 1254.
1254
Calculate the highest common divisor of 20008 and 16784.
8
Calculate the greatest common factor of 10546403 and 2373.
791
What is the highest common factor of 1378 and 130205842?
1378
Calculate the greatest common factor of 276 and 601875960.
276
Calculate the highest common factor of 760704272 and 6320.
1264
What is the greatest common factor of 183 and 11447077?
61
Calculate the highest common factor of 252914 and 4.
2
Calculate the greatest common divisor of 22 and 4483394.
2
What is the highest common divisor of 3980 and 5344344?
796
What is the greatest common factor of 4860 and 12800?
20
What is the highest common factor of 136679277 and 147?
147
What is the highest common divisor of 49 and 100092300?
49
Calculate the highest common divisor of 75262 and 6407533.
3421
Calculate the highest common factor of 702 and 94363542.
702
Calculate the highest common divisor of 3278 and 328702.
22
Calculate the highest common factor of 176731 and 2666.
31
Calculate the highest common divisor of 61581327 and 4371.
141
What is the highest common divisor of 51 and 12883943?
17
Calculate the greatest common factor of 5908474 and 74022.
1898
What is the highest common factor of 42110280 and 75?
15
Calculate the highest common factor of 504871533 and 81.
9
What is the highest common factor of 9327248 and 448?
112
Calculate the highest common divisor of 164 and 130401566.
82
What is the highest common factor of 1911921 and 2028807?
8349
What is the